
Suppose -c - 17 + 59 = 0. Let l be 168/5*(20 + -15). What is the greatest common divisor of c and l?
42
Let s(q) = 30*q**3 - 9*q + 9. Let d be s(1). What is the greatest common factor of 230 and d?
10
Suppose 570*k - 575*k = -90. Calculate the highest common divisor of k and 702.
18
Let r be (3 + 0 + -3)/(-2). Suppose -55 = -j - r. Suppose 3*w + 3*m - 13 = w, -4*m = 5*w - 29. Calculate the highest common factor of j and w.
5
Suppose 2*k = 2*s - 114, 5*s = 2*k + 299 - 11. Suppose -3*r + s = -5*q, 5*q - 1 = 4. Calculate the highest common factor of r and 42.
21
Let x be 42/8 - (-7)/(-28). Let r be (0 - -2)*x/1. Suppose h = d - 4*d + 30, -2*h + 40 = 4*d. What is the greatest common divisor of r and d?
10
Let q = 26 + -29. Let d = 26 - q. Suppose -5*v + d = -3*s - 56, -15 = -2*v + 5*s. What is the greatest common divisor of 8 and v?
4
Let q be 5 + -2 - ((5 - -4) + -114). Let a be (6*1)/((-1)/(-2)). Calculate the highest common divisor of q and a.
12
Suppose 1092 + 1788 = 16*p. What is the greatest common divisor of p and 40?
20
Let x be 73 + (-17)/(85/(-20)). Calculate the highest common factor of x and 1001.
77
Let o = 806 - 689. Calculate the greatest common divisor of 78 and o.
39
Let x(r) = -r + 13. Let f be x(12). Suppose -v = -5*l + 15, l - v = f - 2. Suppose -l*y = -41 - 79. What is the greatest common factor of 15 and y?
15
Let c = 989 - 884. What is the greatest common divisor of 270 and c?
15
Let c = -19 - -44. Let i = 24 - c. Let q(j) = -23*j**3 - j**2 - 2*j - 2. Let h be q(i). Calculate the highest common divisor of h and 11.
11
Suppose i + 2*y - 1167 = -0*i, -y + 1162 = i. What is the greatest common divisor of i and 13?
13
Let i(j) = j**2 + 8*j - 4. Let q = 14 + -23. Let t be i(q). Let z(c) = 2*c + 2. Let r be z(t). What is the highest common factor of r and 4?
4
Let m(s) = -34*s + 1. Let l be m(-1). Let q = l + -31. What is the highest common divisor of q and 2?
2
Suppose 0 = 10*l - 190 - 10. Calculate the greatest common factor of l and 180.
20
Suppose -t = -4*q - 1482, -6*t + 9*t - 4473 = 3*q. Calculate the highest common divisor of t and 83.
83
Suppose 2*d - 80 = -3*d - 4*w, -4*w = -4*d + 28. Suppose 0 = 2*h - h - 55. Let y = h + -19. Calculate the highest common divisor of y and d.
12
Suppose 264 = 23*m - 20*m. What is the greatest common factor of 440 and m?
88
Suppose 0*c + 2*c - 2 = 0. Suppose -2*s + 49 + c = 0. Suppose 2*r + 2*h + 59 = 151, -2*r + 2*h + 108 = 0. What is the greatest common divisor of r and s?
25
Suppose b = -4 + 16. Suppose -4*u = -10*u + b. Calculate the highest common divisor of 18 and u.
2
Let l = -1604 + 1772. Calculate the greatest common divisor of 216 and l.
24
Let l(p) = -61*p + 333. Let v be l(5). What is the highest common factor of 133 and v?
7
Suppose -11355 = -38*b - 183. What is the greatest common factor of b and 126?
42
Let x be 15/(18 + -22 + (4 - -1)). What is the highest common divisor of 25 and x?
5
Let l(r) = 5*r + 10. Suppose 5*s = -5*d + 40, 6 = 5*s - 14. Let n be l(d). Calculate the greatest common factor of n and 150.
30
Let w(a) = 2*a - 29. Suppose -3*r = r - 4*b - 80, 60 = 4*r + b. Let g be w(r). What is the greatest common divisor of 6 and g?
3
Let c(a) = a**3 + 6*a**2 - 10*a - 7. Let d be c(-7). Let s = 229 + -75. What is the greatest common factor of d and s?
14
Let g = 50 + -28. Let j = 23 - g. Let x = 15 + -6. What is the highest common factor of j and x?
1
Let m = -111 + 209. Let o be 96/14 - (-14)/m. Calculate the greatest common factor of o and 14.
7
Suppose 204 = -13*y + 16*y. Let h be (-33)/(-2) - 4/(-8). What is the greatest common divisor of h and y?
17
Suppose 2*c - 2*n - 50 = 0, -4*c + 3*n = 8*n - 55. Suppose 31 + 869 = 9*b. What is the greatest common divisor of c and b?
20
Let a(k) = 47*k + 259. Let w be a(-5). What is the greatest common factor of w and 132?
12
Suppose 4 = 5*b - 6. Suppose b*c = 3*c - 5. Let p(y) = -y**2 - 10*y + 25. Let d be p(-12). What is the greatest common factor of c and d?
1
Let j = -94 + 391. What is the highest common factor of j and 27?
27
Let z(v) = 122*v**3 - 2*v**2 + 1. Let l be z(1). What is the highest common factor of l and 11?
11
Let w be (25/10 + -3)*(-335 - -1). Suppose 0*b - w = -2*r + 3*b, -b = -5. Calculate the greatest common factor of r and 7.
7
Let z(w) = w**2 + 3*w - 1. Suppose -3*p + 0*p - 18 = 0. Let o be z(p). Suppose -5*q = 76 - 246. What is the highest common divisor of q and o?
17
Suppose 21 - 9 = 3*t. Suppose 0*y - t*y = -56. Let u be (14 + -28)/(0 + -2). What is the highest common divisor of u and y?
7
Let f be (2 - 1)*(-4 + 3)/(-1). Let s be (-172)/f*1/(1/(-1)). Calculate the greatest common factor of s and 43.
43
Let j(s) be the third derivative of s**6/120 - s**5/20 - s**4/4 + 2*s**3/3 + 12*s**2. Let p be j(5). What is the greatest common factor of 3 and p?
3
Let v be (-4)/(-12) - 178/(-6). Suppose -2*l + 328 = -212. What is the greatest common factor of l and v?
30
Let a = 553 + -432. Calculate the greatest common factor of 44 and a.
11
Let v be ((-30)/9 + 3)/(28/(-588)). What is the highest common divisor of v and 154?
7
Let x(k) = k**2 - 109. Let i be x(0). Let p = -10 - i. Calculate the highest common factor of p and 66.
33
Let w be (28/(-98))/(26/(-91)). Let r = -15 - -23. Calculate the greatest common divisor of w and r.
1
Let a(d) be the first derivative of 3*d**2/2 + 3*d + 6. Let h be a(2). Suppose -5*f = -461 + 146. Calculate the greatest common divisor of h and f.
9
Suppose y + y = -40. Let w = y + 56. What is the greatest common factor of w and 144?
36
Suppose 4*f = -3*i + 3650 - 151, -4672 = -4*i - 2*f. Calculate the greatest common divisor of 7 and i.
7
Let g = -105 + 237. Calculate the greatest common factor of 176 and g.
44
Let t be 27/(-2)*16/(-12). Let m be (t/27)/((-2)/(-165)). Calculate the greatest common divisor of m and 22.
11
Suppose -29*k + 3261 + 2220 = 0. What is the highest common factor of k and 54?
27
Suppose -2*h - 1 - 3 = 0. Let o be -1 + 3 - 6/h. Let m be (2 + o)*(1 + 5). What is the highest common factor of m and 28?
14
Suppose -4*j = -2*j - 72. Let b(v) = 6*v**3 + 137*v**2 - 27*v - 44. Let i be b(-23). What is the highest common divisor of i and j?
12
Let k(q) = q**3 - 16*q**2 + 43*q - 82. Let a be k(18). What is the greatest common divisor of a and 20?
20
Let u(v) = 2*v**3 + v**2 + 2*v - 20. Let j be u(7). What is the greatest common divisor of j and 27?
27
Suppose 2*j + 58 = 6*x - x, 20 = -5*j. Suppose x = -4*r + 5*r. What is the greatest common divisor of 10 and r?
10
Let s = 1 - 26. Let i be (6/(-15)*2)/(2/s). What is the highest common divisor of i and 50?
10
Suppose 0 = 5*m + 5*i - 900, 0*m + 5*m = -4*i + 897. Suppose 119 = 2*h - 5*v - 22, -4*v + m = 3*h. Calculate the greatest common divisor of h and 9.
9
Let d = 345 - 332. Calculate the greatest common divisor of 247 and d.
13
Let j = -314 - -472. Suppose s = -3*v + 26, -j + 58 = -3*s + 2*v. Suppose -7*n = -2*n - 40. Calculate the highest common divisor of s and n.
8
Let w(b) = b**3 - 19*b**2 - 2*b + 2. Let c be w(19). Let g = -147 + 83. Let k be g/c + (-2)/(-9). What is the highest common factor of k and 4?
2
Let r = -17 - -9. Let p(j) = -352 + 706 - 9*j - j**2 - 354. Let i be p(r). Calculate the highest common factor of i and 2.
2
Suppose -u - 4*f = -167, -5*f - 7 = 3. Calculate the highest common divisor of u and 14.
7
Let x(n) = 19*n**2 + 2*n. Let u be x(-3). Suppose 220*q = 227*q - 105. Calculate the highest common factor of q and u.
15
Let m = 1272 - 1212. Calculate the greatest common factor of m and 90.
30
Let d(h) = 4*h - 31. Let g be d(9). Suppose 6 = b - 2. Let q be ((-22)/3)/(b/(-60)). Calculate the highest common divisor of q and g.
5
Let j(x) = 3*x + 106. Let v be j(-28). Calculate the highest common divisor of 121 and v.
11
Let c be 10*(-75)/18*-15. What is the highest common divisor of 5 and c?
5
Let k = -1373 + 1379. Suppose -3*x + 18 = -108. What is the greatest common divisor of x and k?
6
Suppose 4*t = -5*q + 33, 2*q - 37 = -8*t + 3*t. What is the greatest common divisor of t and 175?
7
Let b = -33 - -69. Suppose -2*k + b = -44. What is the highest common factor of k and 5?
5
Suppose -2*p + p - 164 = -2*f, -4*p = -3*f + 251. Let j = -28 + 44. Suppose -5*s - 99 = -j*s. Calculate the greatest comm